{"id":178,"date":"2020-01-13T08:55:16","date_gmt":"2020-01-13T07:55:16","guid":{"rendered":"http:\/\/blogs.uab.cat\/suficienciapdi\/?page_id=178"},"modified":"2022-02-20T09:06:02","modified_gmt":"2022-02-20T08:06:02","slug":"questions-per-ordre","status":"publish","type":"page","link":"https:\/\/blogs.uab.cat\/suficienciapdi\/questions-per-ordre\/","title":{"rendered":"Per llegir"},"content":{"rendered":"<p>TEXTOS PERIOD\u00cdSTICS BEN ESCRITS<\/p>\n<ul>\n<li>Peri\u00f2dic d\u2019informaci\u00f3 general: <a href=\"https:\/\/catalunyaplural.cat\" target=\"_blank\" rel=\"noopener noreferrer\">Catalunyaplural<\/a><\/li>\n<li>Revista de cultura viva: <a href=\"https:\/\/www.catorze.cat\">Catorze<\/a><\/li>\n<li>Revista de divulgaci\u00f3 cient\u00edfica, activitats de ci\u00e8ncia d\u2019inter\u00e8s general: <a href=\"https:\/\/metode.cat\/\" target=\"_blank\" rel=\"noopener noreferrer\">M\u00e8tode<\/a><\/li>\n<li>Digital de cultura sobre llibres, art, llengua, escenes, pantalles, m\u00fasica, humor i m\u00e9s: <a href=\"https:\/\/www.nuvol.com\" target=\"_blank\" rel=\"noopener noreferrer\">N\u00favol<\/a><\/li>\n<li>Revista d\u2019hist\u00f2ria: <a href=\"https:\/\/www.sapiens.cat\/\" target=\"_blank\" rel=\"noopener noreferrer\">S\u00e0piens<\/a><\/li>\n<li>Revista de geografia i viatges per Catalunya: <a href=\"https:\/\/www.descobrir.cat\/\" target=\"_blank\" rel=\"noopener noreferrer\">Descobrir\u00a0<\/a> (textos descriptius)<\/li>\n<li>Peri\u00f2dic per a la difusi\u00f3 del coneixement expert i acad\u00e8mic: <a href=\"https:\/\/www.pensem.cat\/\">Pensem<\/a><\/li>\n<li>Revista setmanal per al temps lliure a Barcelona: <a href=\"https:\/\/www.timeout.cat\/barcelona\/ca\">Time out<\/a><\/li>\n<li>Revista sobre temes educatius actuals, amb articles de persones reconegudes a Catalunya: <a href=\"https:\/\/diarieducacio.cat\/\" target=\"_blank\" rel=\"noopener noreferrer\">Diari d\u2019educaci\u00f3<\/a><\/li>\n<li><a href=\"https:\/\/catalunya.ebiblio.es\/opac\/#index\" target=\"_blank\" rel=\"noopener noreferrer\">https:\/\/catalunya.ebiblio.es\/opac\/#index<\/a> Llibres, \u00e0udios i pel\u00b7l\u00edcules en l\u00ednia per als lectors de les biblioteques populars de Catalunya<\/li>\n<\/ul>\n<p>Altres possibilitats aqu\u00ed: <a href=\"http:\/\/blogs.uab.cat\/detotunamicaenllengues\/recursos\/\" target=\"_blank\" rel=\"noopener noreferrer\">http:\/\/blogs.uab.cat\/detotunamicaenllengues\/recursos\/ <\/a><\/p>\n","protected":false},"excerpt":{"rendered":"<p>TEXTOS PERIOD\u00cdSTICS BEN ESCRITS Peri\u00f2dic d\u2019informaci\u00f3 general: Catalunyaplural Revista de cultura viva: Catorze Revista de divulgaci\u00f3 cient\u00edfica, activitats de ci\u00e8ncia d\u2019inter\u00e8s general: M\u00e8tode Digital de cultura sobre llibres, art, llengua, escenes, pantalles, m\u00fasica, humor i m\u00e9s: N\u00favol Revista d\u2019hist\u00f2ria: S\u00e0piens Revista de geografia i viatges per Catalunya: Descobrir\u00a0 (textos descriptius) Peri\u00f2dic per a la difusi\u00f3 [&hellip;]<\/p>\n","protected":false},"author":594,"featured_media":0,"parent":0,"menu_order":0,"comment_status":"closed","ping_status":"closed","template":"","meta":[],"_links":{"self":[{"href":"https:\/\/blogs.uab.cat\/suficienciapdi\/wp-json\/wp\/v2\/pages\/178"}],"collection":[{"href":"https:\/\/blogs.uab.cat\/suficienciapdi\/wp-json\/wp\/v2\/pages"}],"about":[{"href":"https:\/\/blogs.uab.cat\/suficienciapdi\/wp-json\/wp\/v2\/types\/page"}],"author":[{"embeddable":true,"href":"https:\/\/blogs.uab.cat\/suficienciapdi\/wp-json\/wp\/v2\/users\/594"}],"replies":[{"embeddable":true,"href":"https:\/\/blogs.uab.cat\/suficienciapdi\/wp-json\/wp\/v2\/comments?post=178"}],"version-history":[{"count":21,"href":"https:\/\/blogs.uab.cat\/suficienciapdi\/wp-json\/wp\/v2\/pages\/178\/revisions"}],"predecessor-version":[{"id":439,"href":"https:\/\/blogs.uab.cat\/suficienciapdi\/wp-json\/wp\/v2\/pages\/178\/revisions\/439"}],"wp:attachment":[{"href":"https:\/\/blogs.uab.cat\/suficienciapdi\/wp-json\/wp\/v2\/media?parent=178"}],"curies":[{"name":"wp","href":"https:\/\/api.w.org\/{rel}","templated":true}]}}