{"id":2083,"date":"2021-03-04T15:08:43","date_gmt":"2021-03-04T15:08:43","guid":{"rendered":"http:\/\/blogs.uab.cat\/catalaeducacio\/?page_id=2083"},"modified":"2021-10-06T14:40:54","modified_gmt":"2021-10-06T14:40:54","slug":"tardor-2021-dc","status":"publish","type":"page","link":"https:\/\/blogs.uab.cat\/catalaeducacio\/tardor-2021-dc\/","title":{"rendered":"Tardor 2021, dimecres"},"content":{"rendered":"<h2 class=\"entry-title\"><strong>Dades curs<\/strong><\/h2>\n<div class=\"entry-content\">\n<p><em>Calendari, horari i aula<\/em>:<br \/>\n6 octubre &#8211; 16 desembre 2021, aula 13, m\u00f2dul 1 Educaci\u00f3<\/p>\n<p><em>Professora<\/em>: Eul\u00e0lia Torras Oliveras, eulalia.torras@uab.cat<\/p>\n<p><strong>Presentaci\u00f3<\/strong> de la formaci\u00f3<\/p>\n<p>L\u2019objectiu del curs \u00e9s que milloreu tant l\u2019expressi\u00f3 escrita com l\u2019oral de manera rica, estructurada i correcta perqu\u00e8 aproveu l\u2019examen N2 de la Facultat.<\/p>\n<p>Els continguts es descriuen amb detall <a href=\"https:\/\/www.uab.cat\/web\/estudiar\/graus\/graus\/competencia-linguistica-1345737529755.html\">aqu\u00ed<\/a>, tant el nivell 1 com el nivell 2. Tots dos nivells s\u2019inclouen en la prova N2.<\/p>\n<p>El curs consisteix en<\/p>\n<ul>\n<li>15 hores presencials al llarg de 10 sessions<\/li>\n<li>40 hores de treball aut\u00f2nom. \u00c9s a dir, entre sessi\u00f3 i sessi\u00f3 s\u2019espera que treballeu unes 4 hores com a m\u00ednim per assumir els continguts previstos.<\/li>\n<\/ul>\n<p>Aquests s\u00f3n els\u00a0<a href=\"http:\/\/blogs.uab.cat\/catalaeducacio\/files\/2020\/10\/Educacio_escrits_criteris_correccio-N2-2.pdf\">criteris_de correcci\u00f3 dels textos escrits<\/a> espec\u00edfics per al nostre grup.<\/p>\n<p>Primera classe: <a href=\"https:\/\/blogs.uab.cat\/basic40heulalia\/2021\/10\/06\/1-qui-ets-com-aprens-coneguem-nos-millor\/\" target=\"_blank\" rel=\"noopener\">6 d&#8217;octubre de 2021<\/a><\/p>\n<\/div>\n","protected":false},"excerpt":{"rendered":"<p>Dades curs Calendari, horari i aula: 6 octubre &#8211; 16 desembre 2021, aula 13, m\u00f2dul 1 Educaci\u00f3 Professora: Eul\u00e0lia Torras Oliveras, eulalia.torras@uab.cat Presentaci\u00f3 de la formaci\u00f3 L\u2019objectiu del curs \u00e9s que milloreu tant l\u2019expressi\u00f3 escrita com l\u2019oral de manera rica, &hellip; <a href=\"https:\/\/blogs.uab.cat\/catalaeducacio\/tardor-2021-dc\/\">Continua llegint <span class=\"meta-nav\">&rarr;<\/span><\/a><\/p>\n","protected":false},"author":594,"featured_media":0,"parent":0,"menu_order":0,"comment_status":"closed","ping_status":"closed","template":"","meta":[],"_links":{"self":[{"href":"https:\/\/blogs.uab.cat\/catalaeducacio\/wp-json\/wp\/v2\/pages\/2083"}],"collection":[{"href":"https:\/\/blogs.uab.cat\/catalaeducacio\/wp-json\/wp\/v2\/pages"}],"about":[{"href":"https:\/\/blogs.uab.cat\/catalaeducacio\/wp-json\/wp\/v2\/types\/page"}],"author":[{"embeddable":true,"href":"https:\/\/blogs.uab.cat\/catalaeducacio\/wp-json\/wp\/v2\/users\/594"}],"replies":[{"embeddable":true,"href":"https:\/\/blogs.uab.cat\/catalaeducacio\/wp-json\/wp\/v2\/comments?post=2083"}],"version-history":[{"count":22,"href":"https:\/\/blogs.uab.cat\/catalaeducacio\/wp-json\/wp\/v2\/pages\/2083\/revisions"}],"predecessor-version":[{"id":2126,"href":"https:\/\/blogs.uab.cat\/catalaeducacio\/wp-json\/wp\/v2\/pages\/2083\/revisions\/2126"}],"wp:attachment":[{"href":"https:\/\/blogs.uab.cat\/catalaeducacio\/wp-json\/wp\/v2\/media?parent=2083"}],"curies":[{"name":"wp","href":"https:\/\/api.w.org\/{rel}","templated":true}]}}

<h2 class="entry-title"><strong>Dades curs</strong></h2>
<div class="entry-content">
<p><em>Calendari, horari i aula</em>:<br />
6 octubre &#8211; 16 desembre 2021, aula 13, mòdul 1 Educació</p>
<p><em>Professora</em>: Eulàlia Torras Oliveras, eulalia.torras@uab.cat</p>
<p><strong>Presentació</strong> de la formació</p>
<p>L’objectiu del curs és que milloreu tant l’expressió escrita com l’oral de manera rica, estructurada i correcta perquè aproveu l’examen N2 de la Facultat.</p>
<p>Els continguts es descriuen amb detall <a href="https://www.uab.cat/web/estudiar/graus/graus/competencia-linguistica-1345737529755.html">aquí</a>, tant el nivell 1 com el nivell 2. Tots dos nivells s’inclouen en la prova N2.</p>
<p>El curs consisteix en</p>
<ul>
<li>15 hores presencials al llarg de 10 sessions</li>
<li>40 hores de treball autònom. És a dir, entre sessió i sessió s’espera que treballeu unes 4 hores com a mínim per assumir els continguts previstos.</li>
</ul>
<p>Aquests són els <a href="http://blogs.uab.cat/catalaeducacio/files/2020/10/Educacio_escrits_criteris_correccio-N2-2.pdf">criteris_de correcció dels textos escrits</a> específics per al nostre grup.</p>
<p>Primera classe: <a href="https://blogs.uab.cat/basic40heulalia/2021/10/06/1-qui-ets-com-aprens-coneguem-nos-millor/" target="_blank" rel="noopener">6 d&#8217;octubre de 2021</a></p>
</div>

<p>Dades curs Calendari, horari i aula: 6 octubre &#8211; 16 desembre 2021, aula 13, mòdul 1 Educació Professora: Eulàlia Torras Oliveras, eulalia.torras@uab.cat Presentació de la formació L’objectiu del curs és que milloreu tant l’expressió escrita com l’oral de manera rica, &hellip; <a href="https://blogs.uab.cat/catalaeducacio/tardor-2021-dc/">Continua llegint <span class="meta-nav">&rarr;</span></a></p>
