{"id":2130,"date":"2021-10-07T11:35:29","date_gmt":"2021-10-07T11:35:29","guid":{"rendered":"https:\/\/blogs.uab.cat\/catalaeducacio\/?page_id=2130"},"modified":"2021-10-07T14:09:28","modified_gmt":"2021-10-07T14:09:28","slug":"tardor-2021-dijous","status":"publish","type":"page","link":"https:\/\/blogs.uab.cat\/catalaeducacio\/tardor-2021-dijous\/","title":{"rendered":"Tardor 2021, dijous"},"content":{"rendered":"<p><strong>Dades del curs<\/strong><\/p>\n<p><em>calendari i horari<\/em>:<br \/>\n7, 14, 21, 28 d&#8217;octubre; 11, 18, 25 de novembre; 2, 9, 16 de desembre de 2021\u00a0 \u00a0 \u00a0 \u00a0 \u00a0 \u00a0 \u00a0 \u00a0 \u00a0 \u00a0 \u00a0 \u00a0 \u00a0 de 14.30 a 16 h<\/p>\n<p><em>professora<\/em>: Ester Tur Coll<\/p>\n<p><em>adre\u00e7a de contacte<\/em>:<br \/>\nestertur.sdl@gmail.com<\/p>\n<p>********************************************************************************<\/p>\n<p><strong>Primera classe (7 d&#8217;octubre de 2021)<\/strong><\/p>\n<ol>\n<li><strong>Presentaci\u00f3<\/strong> de la formaci\u00f3\n<ol>\n<li>Durada: 15 hores de classe presencial + 40 hores de treball aut\u00f2nom<\/li>\n<li>Objectiu: preparar-se per a l&#8217;examen de Nivell 2 (desembre 21) i millorar la compet\u00e8ncia ling\u00fc\u00edstica del catal\u00e0 (especialment de l&#8217;oralitat i la col\u00b7loquialitat)<\/li>\n<li>Programa: <a href=\"https:\/\/blogs.uab.cat\/catalaeducacio\/files\/2016\/02\/Continguts-Nivell-1-per-a-Mestres-definitiu-febrer-2016.pdf\">Nivell 1<\/a>, <a href=\"https:\/\/blogs.uab.cat\/catalaeducacio\/files\/2016\/02\/Contingut-Nivell-2-per-a-Mestres-definitiu-febrer-2016.pdf\">Nivell 2<\/a><\/li>\n<li>Examen: <a href=\"https:\/\/blogs.uab.cat\/catalaeducacio\/files\/2020\/03\/DescripcioProva.pdf\">estructura<\/a> de la prova de Nivell 2, model d&#8217;<a href=\"https:\/\/blogs.uab.cat\/catalaeducacio\/files\/2020\/03\/ExempleProvaNivellDos.pdf\">examen<\/a> i model de <a href=\"https:\/\/blogs.uab.cat\/catalaeducacio\/files\/2020\/03\/ExempleProvaSolucions.pdf\">correcci\u00f3<\/a><\/li>\n<li>Itineraris d&#8217;aprenentatge (p\u00e0gines del blog: gram\u00e0tica, l\u00e8xic, expressi\u00f3 escrita i expressi\u00f3 oral)<\/li>\n<\/ol>\n<\/li>\n<\/ol>\n<p>****************************************************************<\/p>\n<p><strong>Deures (treball aut\u00f2nom):<\/strong><\/p>\n<ol>\n<li><a href=\"http:\/\/blogs.uab.cat\/catalaeducacio\/pagina-exemple\/\">Gram\u00e0tica<\/a>, de la primera classe a la segona (dossiers i enlla\u00e7os)<\/li>\n<li><strong>Autoavaluaci\u00f3 inicial<\/strong> a partir de l&#8217;\u00e0rea de gram\u00e0tica i vocabulari del model d&#8217;<a href=\"https:\/\/blogs.uab.cat\/catalaeducacio\/files\/2020\/03\/ExempleProvaNivellDos.pdf\">examen<\/a> (model de <a href=\"https:\/\/blogs.uab.cat\/catalaeducacio\/files\/2020\/03\/ExempleProvaSolucions.pdf\">correcci\u00f3<\/a>). Nombre d&#8217;\u00edtems globals: 75 (60, tenint en compte que els de l&#8217;activitat d compten 0,5) \/\/ Criteri d&#8217;\u00e8xit (65%): a partir de 40 \u00edtems encertats<\/li>\n<li>Presentaci\u00f3. <strong>Missatge de correu<\/strong> en qu\u00e8 us presenteu: especialitat, \u00fas quotidi\u00e0 del catal\u00e0, objectius del curs, valoraci\u00f3 dels continguts i tasques creieu que us resultaran m\u00e9s dif\u00edcils, resultat de la part de gram\u00e0tica del model de prova, etc. Envieu el missatge a l&#8217;adre\u00e7a estertur.sdl@gmail.com<\/li>\n<\/ol>\n<p>&nbsp;<\/p>\n","protected":false},"excerpt":{"rendered":"<p>Dades del curs calendari i horari: 7, 14, 21, 28 d&#8217;octubre; 11, 18, 25 de novembre; 2, 9, 16 de desembre de 2021\u00a0 \u00a0 \u00a0 \u00a0 \u00a0 \u00a0 \u00a0 \u00a0 \u00a0 \u00a0 \u00a0 \u00a0 \u00a0 de 14.30 a 16 h &hellip; <a href=\"https:\/\/blogs.uab.cat\/catalaeducacio\/tardor-2021-dijous\/\">Continua llegint <span class=\"meta-nav\">&rarr;<\/span><\/a><\/p>\n","protected":false},"author":612,"featured_media":0,"parent":0,"menu_order":0,"comment_status":"closed","ping_status":"closed","template":"","meta":[],"_links":{"self":[{"href":"https:\/\/blogs.uab.cat\/catalaeducacio\/wp-json\/wp\/v2\/pages\/2130"}],"collection":[{"href":"https:\/\/blogs.uab.cat\/catalaeducacio\/wp-json\/wp\/v2\/pages"}],"about":[{"href":"https:\/\/blogs.uab.cat\/catalaeducacio\/wp-json\/wp\/v2\/types\/page"}],"author":[{"embeddable":true,"href":"https:\/\/blogs.uab.cat\/catalaeducacio\/wp-json\/wp\/v2\/users\/612"}],"replies":[{"embeddable":true,"href":"https:\/\/blogs.uab.cat\/catalaeducacio\/wp-json\/wp\/v2\/comments?post=2130"}],"version-history":[{"count":10,"href":"https:\/\/blogs.uab.cat\/catalaeducacio\/wp-json\/wp\/v2\/pages\/2130\/revisions"}],"predecessor-version":[{"id":2143,"href":"https:\/\/blogs.uab.cat\/catalaeducacio\/wp-json\/wp\/v2\/pages\/2130\/revisions\/2143"}],"wp:attachment":[{"href":"https:\/\/blogs.uab.cat\/catalaeducacio\/wp-json\/wp\/v2\/media?parent=2130"}],"curies":[{"name":"wp","href":"https:\/\/api.w.org\/{rel}","templated":true}]}}

<p><strong>Dades del curs</strong></p>
<p><em>calendari i horari</em>:<br />
7, 14, 21, 28 d&#8217;octubre; 11, 18, 25 de novembre; 2, 9, 16 de desembre de 2021                          de 14.30 a 16 h</p>
<p><em>professora</em>: Ester Tur Coll</p>
<p><em>adreça de contacte</em>:<br />
estertur.sdl@gmail.com</p>
<p>********************************************************************************</p>
<p><strong>Primera classe (7 d&#8217;octubre de 2021)</strong></p>
<ol>
<li><strong>Presentació</strong> de la formació
<ol>
<li>Durada: 15 hores de classe presencial + 40 hores de treball autònom</li>
<li>Objectiu: preparar-se per a l&#8217;examen de Nivell 2 (desembre 21) i millorar la competència lingüística del català (especialment de l&#8217;oralitat i la col·loquialitat)</li>
<li>Programa: <a href="https://blogs.uab.cat/catalaeducacio/files/2016/02/Continguts-Nivell-1-per-a-Mestres-definitiu-febrer-2016.pdf">Nivell 1</a>, <a href="https://blogs.uab.cat/catalaeducacio/files/2016/02/Contingut-Nivell-2-per-a-Mestres-definitiu-febrer-2016.pdf">Nivell 2</a></li>
<li>Examen: <a href="https://blogs.uab.cat/catalaeducacio/files/2020/03/DescripcioProva.pdf">estructura</a> de la prova de Nivell 2, model d&#8217;<a href="https://blogs.uab.cat/catalaeducacio/files/2020/03/ExempleProvaNivellDos.pdf">examen</a> i model de <a href="https://blogs.uab.cat/catalaeducacio/files/2020/03/ExempleProvaSolucions.pdf">correcció</a></li>
<li>Itineraris d&#8217;aprenentatge (pàgines del blog: gramàtica, lèxic, expressió escrita i expressió oral)</li>
</ol>
</li>
</ol>
<p>****************************************************************</p>
<p><strong>Deures (treball autònom):</strong></p>
<ol>
<li><a href="http://blogs.uab.cat/catalaeducacio/pagina-exemple/">Gramàtica</a>, de la primera classe a la segona (dossiers i enllaços)</li>
<li><strong>Autoavaluació inicial</strong> a partir de l&#8217;àrea de gramàtica i vocabulari del model d&#8217;<a href="https://blogs.uab.cat/catalaeducacio/files/2020/03/ExempleProvaNivellDos.pdf">examen</a> (model de <a href="https://blogs.uab.cat/catalaeducacio/files/2020/03/ExempleProvaSolucions.pdf">correcció</a>). Nombre d&#8217;ítems globals: 75 (60, tenint en compte que els de l&#8217;activitat d compten 0,5) // Criteri d&#8217;èxit (65%): a partir de 40 ítems encertats</li>
<li>Presentació. <strong>Missatge de correu</strong> en què us presenteu: especialitat, ús quotidià del català, objectius del curs, valoració dels continguts i tasques creieu que us resultaran més difícils, resultat de la part de gramàtica del model de prova, etc. Envieu el missatge a l&#8217;adreça estertur.sdl@gmail.com</li>
</ol>
<p>&nbsp;</p>
